 by w?
8
Let n(d) be the first derivative of 17*d**2/2 - 67*d + 1. What is the remainder when 138 is divided by n(6)?
33
Let l(f) = f**2 + 7*f + 13. Let a be l(-4). Let o = 45 - 27. What is the remainder when ((2 - a)*-35)/(-1) is divided by o?
17
Suppose 499 = 4*l - 109. Suppose l = z + 3*z. What is the remainder when z is divided by 10?
8
Let v(l) = -5*l - 206. What is the remainder when v(-59) is divided by 40?
9
Suppose p = 4*p - 9. Let u(y) = 0*y**2 + 7*y**2 - 23*y**3 + 24*y**3 + 12 + 12*y. What is the remainder when p is divided by u(-5)?
1
Suppose -18*x + 20*x = -12. Suppose -51 = d - 3*d + 5*p, -60 = -5*d - p. What is the remainder when d is divided by -23 - -21 - (-1 + x)?
3
Let z = -36 + 63. Let m(x) = -x**2 - 4*x - 3. Let q be m(-3). Let b(f) = f**3 + f**2 + 15. Calculate the remainder when z is divided by b(q).
12
Let z(p) = p**2 - 2*p + 2. Let r be z(3). Let w = 12 + -3. Calculate the remainder when (1 - r/(-5))*13 is divided by w.
8
Let l(x) be the second derivative of -x**3 - 5*x**2/2 - 3*x. What is the remainder when l(-9) is divided by (8/(-12))/(4/(-78))?
10
Let m(r) = 20*r - 5. Let x = 151 - 149. What is the remainder when 171 is divided by m(x)?
31
Suppose -6*m + 11*m = 35. Suppose g - j + 8 = 3*g, 3*g - 5*j - 38 = 0. Calculate the remainder when -39*((-2)/g)/1 is divided by m.
6
Suppose 52 = 4*p + 4*r, p + 19 = 3*r + 12. Suppose m - 3*s = 3*m - 60, 2*s = 5*m - 150. What is the remainder when m is divided by p?
6
Let c(q) = -q**2 + 7 - 2*q + 4 + q + 5*q**2. What is the remainder when c(3) is divided by 12?
8
Let x(l) = -194*l - 1292. What is the remainder when 67 is divided by x(-7)?
1
Let h = 45 + 47. Let t = -338 - -496. Let y = t - h. What is the remainder when y is divided by 23?
20
Let g(v) = 0*v**2 + 2*v + 6 - 5 + 2*v**2. Calculate the remainder when g(-3) is divided by 7.
6
Suppose -4*k + 3 = 3*a - 4, -2 = k. Suppose -a*d + 42 = -33. What is the remainder when (-14 + d)/((-2)/(-74)) is divided by 10?
7
Suppose 405 = 26*w - 193. What is the remainder when 66 is divided by w?
20
Let a = -248 + 265. What is the remainder when a is divided by 5?
2
Let f(u) = -3*u**2 + 4*u + 1. Let h be f(3). Calculate the remainder when h/(-4)*(-820)/(-35) is divided by 12.
10
Let l(j) = -856*j + 453*j + 424*j - 38. What is the remainder when l(7) is divided by 55?
54
Let i(c) = c**3 + 7*c**2 + 0 + 0 + 3 + 5. What is the remainder when 130 is divided by i(-6)?
42
Suppose 0 = -3*q + 72 - 18. Calculate the remainder when q is divided by 10.
8
Let h(l) = 7*l**3 - 35*l**2 + 11*l + 1. Calculate the remainder when 274 is divided by h(5).
50
Let z = 60 - 60. Calculate the remainder when 22/2 + (2 + -3 - z) is divided by 2.
0
Suppose 4*q = 50 - 26. Calculate the remainder when 58 is divided by q.
4
Suppose -7*d - 285 = -12*d. Let s(x) = 2*x**2 - 3*x - 3. Calculate the remainder when d is divided by s(3).
3
Suppose -2*m - m = 0. What is the remainder when 2/16 - (-39663)/904 is divided by m/(-2 - -4) + 15?
14
Suppose 3*i = 31 + 59. Suppose i = 4*v + 2*j - 42, -72 = -4*v + 5*j. What is the remainder when 53 is divided by v?
17
Let q(n) = -n**2 + 13*n - 22. Let l be q(9). Suppose 0 = -2*d + l + 36. Calculate the remainder when d is divided by 14.
11
Let s = 1560 + -1531. What is the remainder when 1014 is divided by s?
28
Let f(m) = m**3 + m**2 - 3*m + 1. What is the remainder when 16 is divided by f(2)?
2
Suppose 0 = 137*c - 3402 - 4133. What is the remainder when c is divided by 14?
13
Let t be 12/18 - 28/(-3). Suppose -7*g = -t*g + 171. What is the remainder when g is divided by (-4)/2*(-29)/2?
28
Suppose 2*t - 2*p - 62 = 0, -1 + 7 = p. Suppose -4*j + 268 = 4*o, -79 = -o + 2*j - 0*j. Calculate the remainder when o is divided by t.
34
Let s(a) = a**3 + 12*a**2 - 3*a + 16. Calculate the remainder when 157 is divided by s(-12).
1
Suppose 0*o = -2*l + 2*o + 14, -2*l + 8 = o. Suppose l*n + 412 = n. Let b = -61 - n. What is the remainder when b is divided by 11?
9
Suppose 8*h - 3*h - 4*q = 955, 5*h - 955 = 5*q. Calculate the remainder when h is divided by 48.
47
Let t(h) = -8*h**3 - 3*h**2 - 4*h - 3. Let w be t(-2). Suppose w*v = 59*v - 76. Calculate the remainder when 73 is divided by v.
35
Suppose 4*h + 108 = 4*g, -2*g + 4*h - h + 55 = 0. Suppose 0 = 7*i + g - 103. Calculate the remainder when 40 is divided by i.
7
Suppose 5*c - 925 = -6*i + 3*i, c = -5*i + 163. What is the remainder when c is divided by 34?
18
Let k = -82 - -141. Suppose z + 3*n = -0*n + 9, -22 = -2*z - 4*n. Calculate the remainder when k is divided by z.
14
Calculate the remainder when 55 is divided by 2 + (-2)/2 + 3 + 25.
26
Suppose -3*p - 2*p - 11 = 3*n, 0 = 3*n + 4*p + 7. Suppose 4*u = -n*j + 77, -2*u = -5*j - 7*u + 120. What is the remainder when j is divided by 1 - -9 - (0 - 0)?
9
Let d(w) = 5*w**2 - w - 3. Let j be d(9). Suppose 10*l - j = 97. Calculate the remainder when l is divided by 14.
7
Suppose -p = 3*b, 3 = b - 2. Calculate the remainder when 12 is divided by (0 - p)/(10 - 7).
2
Suppose -3*r - 15 = -3*y, -r + 4 = 3*r. What is the remainder when 39 is divided by (-15)/(1 - y) - -7?
9
What is the remainder when 206 is divided by (-9 - 0)/((-28)/28)?
8
Let g = -12 - -13. Let p(s) = s**2 + 3*s - 7. Let x be p(-5). Suppose x*a - o = -5*o + 13, -2*a - 2*o + 8 = 0. What is the remainder when a is divided by g?
0
Let a(f) = -f - 7. Let b be a(-10). Suppose -2*u + 3*q - 45 = -5*u, -3*q = 2*u - 34. Calculate the remainder when (-34)/b*9/(-6) is divided by u.
6
Suppose 2*q + 25*j - 21*j = 90, 2*q - j = 85. Calculate the remainder when q is divided by 13.
4
Suppose -8*h + 49 = -47. What is the remainder when 30 is divided by h?
6
Let o(a) = -a**3 + 6*a**2 - 10*a + 5. Let g be o(4). Let u(q) = 3*q - 2 - 5*q + 1. Calculate the remainder when 14 is divided by u(g).
4
Let d = 83 + -80. Suppose d*m + 15 = 126. Let y = 12 - -59. Calculate the remainder when y is divided by m.
34
Suppose -45 = -2*b + 5*k + 58, 2*b - 97 = 3*k. Calculate the remainder when 174 is divided by b.
42
Let d = 68 - 35. What is the remainder when d is divided by 12?
9
Let k be -1 + -6*(-1)/1. Let c = -600 - -754. Suppose -k*v + 1 = -c. What is the remainder when 59 is divided by v?
28
Suppose 2*b - 5*h - 86 - 96 = 0, 0 = 5*b - 3*h - 417. Let o = -70 + b. What is the remainder when 21 is divided by o?
10
Suppose 0 = -3*b + 9, a = -3*b - 6 + 19. Suppose -2*z - 2*t = 3*t - 85, -5*z + 196 = -a*t. What is the remainder when z is divided by 14?
12
Let b be (-1)/18*-274 - 36/162. Suppose -b*q + 13*q = -84. Calculate the remainder when 166 is divided by q.
40
Suppose r - 9 - 11 = 0. Suppose 2*k + 5 = -a, 4*a + a - r = 5*k. What is the remainder when 2 is divided by a?
0
Let j be (-4)/2*(-99)/18. Suppose -24 = -5*h + j. Let u = -66 + 93. Calculate the remainder when u is divided by h.
6
Let c(k) = k**2 + 5*k - 3. Let n be 0 - 6*(0 - -1). Calculate the remainder when 9/3 - (-3 + -3) is divided by c(n).
0
Let i(j) be the first derivative of j**4/4 - 2*j**3 + j**2 + 6*j + 16. Calculate the remainder when i(6) is divided by 7.
4
Let o be (3/9)/(1*2/390). Let d = o - 42. Calculate the remainder when 44 is divided by d.
21
Suppose 50*i = 45*i + 110. Suppose z + 3*q + 48 = 4*z, 2*z - 3*q - 36 = 0. Let s = 55 - z. What is the remainder when s is divided by i?
21
Let k be -2 + 32/2*12. Suppose -l = -4, -l = 5*x - 6*l - k. Calculate the remainder when 31 is divided by 350/x + (-2)/6.
7
Suppose 0*f = -2*f. Suppose -2*k + 4*r + 12 = -f*r, 3*k - 5*r = 19. Let u = -38 + 41. Calculate the remainder when k is divided by u.
2
Let j(y) = -35*y + 5. What is the remainder when j(-2) is divided by 19?
18
Let s(p) = -p**2 + 15*p + 31. Let b be s(16). Calculate the remainder when ((-10)/b)/(2 + (-164)/81) is divided by 16.
11
Let j(d) = d - 3. Let c be j(3). Suppose -t = -c*t - 21. Suppose t = y - 25. What is the remainder when y is divided by 12?
10
Let a(n) = 7*n - 7 - 4 - 1 - 1. What is the remainder when 74 is divided by a(4)?
14
Let b = -24 + 29. Suppose 0 = -b*a - 3*l + 85 - 3, 4*a - 3*l = 44. Suppose 0 = -4*y - 12, 5*m - 3*y = 93 + 51. Calculate the remainder when m is divided by a.
13
Let t = -2574 + 2604. What is the remainder when 598 is divided by t?
28
Suppose 4*s + 215 = 5*w, 2*w + 10*s = 9*s + 99. What is the remainder when